 + 6*g. List the prime factors of l(z).
41
Let w = 9905 - -4839. List the prime factors of w.
2, 19, 97
Suppose -55 = -q - 99. What are the prime factors of (q/24)/(4/(-1416))?
11, 59
What are the prime factors of 219788/14 + 24/(-21)?
2, 47, 167
Suppose 12 = 4*a - 0. Suppose -4*h + 1586 = 2*p, 2*h - 7 = a. What are the prime factors of p?
3, 29
What are the prime factors of -6 - ((16964/12)/(5/(-75)) + 5)?
2, 10597
Let u(b) = b**3 - 9*b**2 - 9*b - 4. Let s be u(10). Let r(m) = 28*m + 68. List the prime factors of r(s).
2, 59
Let j(d) = 11951*d - 90. List the prime factors of j(1).
29, 409
Suppose 3*h + 9 = -0*h + 3*o, o = -h - 9. Let j be (4 - 6 - h)*14/8. Let g(i) = 16*i + 8. What are the prime factors of g(j)?
2, 3, 5
Suppose -3*f - 5*w = -2*f + 6, 0 = -f - 2*w + 3. Let u be (-2)/f + 7/(-9). What are the prime factors of ((-128)/u - -1) + -2?
127
Let b(n) = 50*n**2 - n - 1. Let a be b(-1). Let k(u) = 5*u - 90. Let z be k(0). Let i = a - z. What are the prime factors of i?
2, 5, 7
Suppose 4*x - 2*t = 1582 + 6816, 4*t - 4214 = -2*x. What are the prime factors of x?
11, 191
Suppose -184*r = -155*r - 1381415. What are the prime factors of r?
5, 7, 1361
Suppose -11*g = -7*g - 7912. Let d = g - 786. What are the prime factors of d?
2, 149
Suppose 2*z - 28195 = 32443. List the prime factors of z.
30319
Suppose -5*h + 4*j = -73036, 0 = j - 218 + 212. List the prime factors of h.
2, 13, 281
Let s = 87 - 119. Let p(z) = z**2 + 6*z + 6. What are the prime factors of p(s)?
2, 419
Let d = 1332 - 14. List the prime factors of d*3*(-6)/(-18).
2, 659
Suppose 0 = -0*j - 3*j. Suppose -5*x + d = -1857, 1121 = -j*x + 3*x - 4*d. What are the prime factors of x?
7, 53
Let c be (0 - 25/2)*(-12)/15. Suppose c*q - 13*q + 1572 = 0. List the prime factors of q.
2, 131
Let j(s) = 7*s - 3*s + 14*s**2 + 0 - 6. Suppose 132*t - 3 = 131*t. What are the prime factors of j(t)?
2, 3, 11
Let c(s) = 2*s**3 - 9*s**2 + 12*s - 2. Let x be c(1). Suppose 0 = -r - 4*a + 755, -4*r = -0*r + x*a - 2981. What are the prime factors of r?
743
Let d(l) = 21*l - 115. Suppose -2*i = -4*z + 32 + 2, -70 = -5*z - 3*i. List the prime factors of d(z).
2, 29
Let d(h) = 261*h**3 - 8*h**2 + 15*h - 11. Let g be d(4). Suppose -g = 59*k - 98222. What are the prime factors of k?
3, 461
Let x = -38 - -33. Let d be 1008/(-20) - 2/x. Let l = d + 132. What are the prime factors of l?
2, 41
Let h = 368 + 285. Suppose 661*m - 88 = h*m. List the prime factors of m.
11
Let n be 22/(-1*1/(-107)). Suppose 4*v + v + 4*t = n, v - 475 = -5*t. What are the prime factors of v?
2, 5, 47
Let k(x) = -x**2 + 14*x + 34. Let d be k(16). Suppose 9*a = d + 16. What are the prime factors of (-82 + 1)*(33/(-9) + a)?
3, 5
Suppose 4*g - 15043 = -375. Suppose w - g = -4*m, 3*m - w + 4*w - 2748 = 0. List the prime factors of m.
7, 131
Let l = -17567 + 18901. List the prime factors of l.
2, 23, 29
Let s be (1272/(-20))/(2/15). Let g = 472 - s. What are the prime factors of g?
13, 73
Let h be 1 + (-1236)/(-22) + (-4)/22. Suppose -h*f = -61*f + 92. List the prime factors of f.
23
Suppose -2179 = -4*p - u + 3151, 4*p - 3*u = 5338. Let z = -895 + p. List the prime factors of z.
2, 3, 73
Let w(o) = o**3 - 16*o**2 - 214*o + 4818. List the prime factors of w(21).
3, 281
Let a(z) = 101*z - 14. Let l be a(-4). Let q = 821 + l. List the prime factors of q.
13, 31
Suppose 6*i - 77 = -i. Suppose 0 = -6*y + i*y - 865. What are the prime factors of y?
173
Let h(j) = -j**3 - 4*j**2 - 8*j - 2. Suppose -w = -2*c - 32, 3*w + 4*c = 197 - 51. Suppose -w = 4*z + 2*z. What are the prime factors of h(z)?
3, 67
Suppose -j - 9 = -4*j. Let w = 116 + -112. Suppose -4*h - w*m = -28, 5*m - 5 - 20 = -j*h. What are the prime factors of h?
5
Let t = 8514 + -5564. Suppose -30*c + 20*c = -t. What are the prime factors of c?
5, 59
Let a = -592 - -2383. Suppose c = -2*j + a, j - 3*c + 1793 = 3*j. List the prime factors of j.
5, 179
Suppose -m + 339 - 2023 = 0. Let b = -841 - m. List the prime factors of b.
3, 281
Let j = 4552 - 4509. List the prime factors of j.
43
What are the prime factors of (1/((-10)/1512))/((28/90)/(-14))?
2, 3, 7
Suppose -6 + 16 = -2*v, 0 = -4*k + 2*v + 10. Suppose u - 32 = -5*a - k*a, -3*u = -2*a + 6. Suppose a*d = 2*d + 108. What are the prime factors of d?
3
Let o(x) = -73*x - 172. Let p(g) = 18*g + 43. Let n(c) = -2*o(c) - 9*p(c). Let f(h) = -26*h + 636. Let l be f(25). List the prime factors of n(l).
181
Let h = -894 - -1324. Suppose o + h = -2*o - 2*d, -4*o = d + 570. Let f = -101 - o. What are the prime factors of f?
41
List the prime factors of ((-52)/(-13))/(-4) - -4 - (-55348)/2.
13, 2129
Let n = 34 + -25. Let f = 127 - -293. Suppose n*d + f = 12*d. What are the prime factors of d?
2, 5, 7
Let k(f) = f + 26. Suppose -4*a - 2*i = 88, -1 = 4*i - 9. Let g be k(a). Suppose -l + 5*o = 2 + 6, -2*o + 27 = g*l. List the prime factors of l.
7
Let a = -823 + 962. Suppose -136*w = -a*w + 5574. List the prime factors of w.
2, 929
Let a(l) = -5*l**2 - 5*l - 4. Let z(o) = -6*o**2 - 5*o - 5. Let c(m) = 7*a(m) - 6*z(m). Let d be c(5). What are the prime factors of ((-14)/21)/(d/(-63))?
3, 7
Let p(n) = n**2 + 4*n - 17. Suppose 2*l = 5*x - l + 44, 0 = 2*x + 5*l - 1. Let o be p(x). What are the prime factors of 119/(-1)*(o + -5)?
7, 17
Suppose 16*n - 24*n = 40. Let m be (-154)/6 - -1*n/15. Let h(t) = t**3 + 27*t**2 + 25*t - 1. What are the prime factors of h(m)?
5
Suppose -v + 234 = r - 1343, 7885 = 5*v - 4*r. Let n = v - 1124. What are the prime factors of n?
3, 151
Let o be (1 - -1)*6/(-12)*434. Let b = -117 - o. What are the prime factors of b?
317
Let o(z) = 311*z + 315*z + 17 + z**2 - 616*z. Suppose -71 = 4*k - v, 5*k = -5*v - 49 - 71. List the prime factors of o(k).
2, 47
Let g(p) = -37*p**2 - 96*p + 91. Let r(w) = 13*w**2 + 32*w - 30. Let s(j) = 6*g(j) + 17*r(j). List the prime factors of s(-18).
2, 3
Let v be -4 + 1 + 3 + (2 - -3). Suppose -3*u = -3*j + 3 - 0, -v*j - 2*u = -19. Suppose 0*b - 2*b + 79 = j*g, -5*b = 20. List the prime factors of g.
29
Suppose -172550 = -46*y + 439940. List the prime factors of y.
5, 2663
Suppose -49*l + 67*l = 330120. What are the prime factors of l?
2, 5, 7, 131
Suppose -i = 3*q - 20, 0 = -3*q - 5*i + 10 + 30. Suppose 0 = -0*v - q*v + 185. Suppose 2*b = u + 71, -2*b - 4*u + v = -29. List the prime factors of b.
5, 7
List the prime factors of (-1 + 234915/60)/(6/8).
17, 307
Let a be ((-10)/(-12) + 16/(-48))*0. Suppose -4*h + 3*b = -4348 - 1752, -4*h - 2*b + 6100 = a. Suppose 11*r - h = 6*r. List the prime factors of r.
5, 61
Let w(d) = -d**2 - 6*d + 37. Let l be w(6). List the prime factors of 1/7 - 7240/l.
3, 23
Let g(f) = -f**3 + 10*f**2 - 12*f + 5. Let w be g(5). Let u = -67 + w. What are the prime factors of 284/u + (-10)/(-3) + -3?
5, 19
Let r(t) = 187*t**2 + 496*t + 7775. What are the prime factors of r(-15)?
2, 5, 4241
Suppose -8*w + 280 = 1312. Let i = 239 + w. Suppose 3*y = -11 + i. List the prime factors of y.
3, 11
Suppose -15*t + 18719 = -13*t - 5*x, 3*t = 5*x + 28091. List the prime factors of t.
2, 3, 11, 71
Let i = -251 - -257. Let l(s) = 84*s - 42. What are the prime factors of l(i)?
2, 3, 7, 11
Suppose 719960 - 206785 = -175505*i + 175530*i. What are the prime factors of i?
13, 1579
List the prime factors of 21/(420/(-8))*-19675.
2, 5, 787
Let p(t) be the first derivative of t**2/2 - 4*t + 25. Let d be p(6). What are the prime factors of (10*d/6 + -2)*78?
2, 13
Let w(k) = -35*k**3 + 4*k**2 + k - 26. Let x be w(-7). Suppose 17*g = x - 1883. List the prime factors of g.
5, 11
Let u(h) = h**2 - 7*h - 114. Let x be u(16). List the prime factors of 12/x*15/6*365.
5, 73
Let u(g) = 127*g**2 + 5*g + 8. Let d be u(-2). Suppose 2*v - 2320 = -4*z, -2*z + 646 + d = 5*v. List the prime factors of z.
7, 83
Let v be ((-68)/20 + 3)*540/4. Let b = 66 - v. What are the prime factors of b?
2, 3, 5
Let f(r) = -18977*r + 3012. What are the prime factors of f(-4)?
2, 5, 1973
Let r(v) = 21*v**2 + 196*v + 34. What are the prime factors of r(-16)?
2, 3, 379
Suppose -5*v = -2*i - 30, 2*i - 2*v - 30 = 4*i. Let x be 8/20 - 1029/i. Suppose -4*f = -243 - x. What are the prime factors of f?
2, 3, 13
Suppose 7*f - 13907 = 6547. What are the prime factors of f?
2, 3, 487
Let d(y) = 35*y**2 - 5*y - 8. Let g be d(-3). Suppose -4